e remainder when 1899 is divided by 469.
23
What is the remainder when 22539 is divided by 1073?
6
What is the remainder when 7919 is divided by 161?
30
Calculate the remainder when 91467 is divided by 294.
33
Calculate the remainder when 881031 is divided by 25.
6
What is the remainder when 1448 is divided by 361?
4
What is the remainder when 79399 is divided by 79393?
6
Calculate the remainder when 4243 is divided by 530.
3
What is the remainder when 1185 is divided by 1164?
21
What is the remainder when 9000 is divided by 8679?
321
What is the remainder when 238574 is divided by 39760?
14
Calculate the remainder when 1057 is divided by 514.
29
What is the remainder when 26425 is divided by 629?
7
What is the remainder when 218650 is divided by 121?
3
What is the remainder when 1668 is divided by 74?
40
Calculate the remainder when 276827 is divided by 138413.
1
What is the remainder when 7355 is divided by 551?
192
Calculate the remainder when 48863 is divided by 16273.
44
Calculate the remainder when 15943 is divided by 15849.
94
What is the remainder when 1191 is divided by 13?
8
Calculate the remainder when 118137 is divided by 46.
9
Calculate the remainder when 214099 is divided by 5.
4
Calculate the remainder when 457155 is divided by 226.
183
What is the remainder when 27174 is divided by 79?
77
What is the remainder when 2696 is divided by 69?
5
What is the remainder when 47947 is divided by 510?
7
What is the remainder when 52376 is divided by 83?
3
What is the remainder when 59385 is divided by 2581?
22
Calculate the remainder when 356342 is divided by 178153.
36
Calculate the remainder when 14009 is divided by 20.
9
What is the remainder when 14928 is divided by 237?
234
What is the remainder when 5951 is divided by 36?
11
Calculate the remainder when 2239 is divided by 526.
135
What is the remainder when 122989 is divided by 16?
13
Calculate the remainder when 416 is divided by 286.
130
What is the remainder when 6124 is divided by 101?
64
What is the remainder when 2063 is divided by 476?
159
What is the remainder when 444220 is divided by 111050?
20
What is the remainder when 23256 is divided by 172?
36
What is the remainder when 1126 is divided by 1126?
0
Calculate the remainder when 83965 is divided by 64.
61
Calculate the remainder when 10633 is divided by 30.
13
Calculate the remainder when 239611 is divided by 48.
43
Calculate the remainder when 597272 is divided by 706.
702
Calculate the remainder when 23989 is divided by 103.
93
Calculate the remainder when 3900 is divided by 50.
0
Calculate the remainder when 77517 is divided by 152.
149
What is the remainder when 1226783 is divided by 104?
103
What is the remainder when 19709 is divided by 24?
5
Calculate the remainder when 8346 is divided by 79.
51
Calculate the remainder when 27227 is divided by 92.
87
Calculate the remainder when 2686 is divided by 2177.
509
What is the remainder when 973 is divided by 110?
93
What is the remainder when 1164 is divided by 157?
65
What is the remainder when 175256 is divided by 175233?
23
Calculate the remainder when 528102 is divided by 3642.
12
What is the remainder when 14845 is divided by 243?
22
What is the remainder when 11646 is divided by 175?
96
Calculate the remainder when 209 is divided by 188.
21
What is the remainder when 107717 is divided by 53851?
15
What is the remainder when 22359 is divided by 604?
11
Calculate the remainder when 2186958 is divided by 1561.
1558
Calculate the remainder when 25869 is divided by 8456.
501
What is the remainder when 27447 is divided by 27415?
32
What is the remainder when 1382906 is divided by 465?
461
What is the remainder when 598243 is divided by 1445?
13
What is the remainder when 15459 is divided by 274?
115
Calculate the remainder when 607122 is divided by 303554.
14
Calculate the remainder when 366 is divided by 92.
90
What is the remainder when 68129 is divided by 104?
9
What is the remainder when 440041 is divided by 783?
778
What is the remainder when 106174 is divided by 6?
4
What is the remainder when 15612 is divided by 4?
0
What is the remainder when 2066508 is divided by 21?
3
Calculate the remainder when 1187406 is divided by 83.
8
What is the remainder when 14224988 is divided by 13?
11
What is the remainder when 17850 is divided by 1946?
336
Calculate the remainder when 731 is divided by 683.
48
What is the remainder when 5505 is divided by 166?
27
What is the remainder when 1125 is divided by 235?
185
What is the remainder when 14639 is divided by 360?
239
Calculate the remainder when 315578 is divided by 706.
702
Calculate the remainder when 13617503 is divided by 9.
8
What is the remainder when 40424 is divided by 8082?
14
What is the remainder when 27944 is divided by 291?
8
What is the remainder when 5423 is divided by 61?
55
What is the remainder when 90034 is divided by 26?
22
What is the remainder when 76591 is divided by 92?
47
What is the remainder when 4195 is divided by 1092?
919
Calculate the remainder when 209 is divided by 86.
37
What is the remainder when 188593 is divided by 239?
22
What is the remainder when 23020 is divided by 460?
20
Calculate the remainder when 10816 is divided by 79.
72
Calculate the remainder when 25875 is divided by 106.
11
Calculate the remainder when 1563 is divided by 200.
163
Calculate the remainder when 35614 is divided by 1318.
28
Calculate the remainder when 57077 is divided by 11402.
67
What is the remainder when 1928 is divided by 1025?
903
What is the remainder when 31518 is divided by 1966?
62
What is the remainder when 543 is divided by 184?
175
What is the remainder when 164213 is divided by 20?
13
Calculate the remainder when 7468 is divided by 393.
1
Calculate the remainder when 657 is divided by 69.
36
Calculate the remainder when 54725 is divided by 61.
8
What is the remainder when 737 is divided by 329?
79
Calculate the remainder when 19988 is divided by 51.
47
Calculate the remainder when 35070 is divided by 11690.
0
Calculate the remainder when 2001 is divided by 37.
3
What is the remainder when 4065 is divided by 161?
40
Calculate the remainder when 2414 is divided by 301.
6
What is the remainder when 7586 is divided by 506?
502
What is the remainder when 3598 is divided by 498?
112
Calculate the remainder when 147660 is divided by 11.
7
Calculate the remainder when 10849 is divided by 85.
54
Calculate the remainder when 9027 is divided by 2952.
171
Calculate the remainder when 3659 is divided by 105.
89
Calculate the remainder when 4549 is divided by 550.
149
What is the remainder when 28827 is divided by 13?
6
What is the remainder when 167758 is divided by 466?
464
Calculate the remainder when 1714 is divided by 1700.
14
What is the remainder when 2231 is divided by 303?
110
Calculate the remainder when 4713 is divided by 921.
108
What is the remainder when 1278 is divided by 33?
24
Calculate the remainder when 3618233 is divided by 1062.
1061
What is the remainder when 95801 is divided by 726?
695
What is the remainder when 20860 is divided by 143?
125
What is the remainder when 33218 is divided by 1328?
18
What is the remainder when 1131248 is divided by 10?
8
What is the remainder when 161066 is divided by 40264?
10
Calculate the remainder when 3087 is divided by 438.
21
What is the remainder when 54666 is divided by 10?
6
Calculate the remainder when 4876 is divided by 1622.
10
What is the remainder when 5555778 is divided by 77?
74
What is the remainder when 2678 is divided by 24?
14
Calculate the remainder when 17455 is divided by 11.
9
What is the remainder when 6657 is divided by 659?
67
What is the remainder when 8319 is divided by 102?
57
Calculate the remainder when 5957 is divided by 1380.
437
What is the remainder when 8617 is divided by 6?
1
What is the remainder when 48026 is divided by 12005?
6
What is the remainder when 1085 is divided by 464?
157
Calculate the remainder when 12657 is divided by 21.
15
What is the remainder when 1524 is divided by 651?
222
What is the remainder when 247 is divided by 158?
89
Calculate the remainder when 12047 is divided by 246.
239
What is the remainder when 2545 is divided by 186?
127
What is the remainder when 19126 is divided by 44?
30
Calculate 